{"id":230,"date":"2022-05-01T12:19:03","date_gmt":"2022-05-01T12:19:03","guid":{"rendered":"https:\/\/colibriwp-work.colibriwp.com\/business-ii\/?page_id=230"},"modified":"2022-05-02T00:12:05","modified_gmt":"2022-05-02T00:12:05","slug":"nosotros","status":"publish","type":"page","link":"https:\/\/virtualtec.cl\/temas\/barberia\/nosotros\/","title":{"rendered":"Nosotros"},"content":{"rendered":"<div data-colibri-id=\"230-c1\" class=\"style-471 style-local-230-c1 position-relative\">\n  <!---->\n  <div data-colibri-component=\"section\" data-colibri-id=\"230-c2\" id=\"features\" class=\"h-section h-section-global-spacing d-flex align-items-lg-center align-items-md-center align-items-center style-472 style-local-230-c2 position-relative\">\n    <!---->\n    <!---->\n    <div class=\"h-section-grid-container h-section-boxed-container\">\n      <div data-colibri-id=\"230-c11\" class=\"h-row-container gutters-row-lg-2 gutters-row-md-2 gutters-row-0 gutters-row-v-lg-2 gutters-row-v-md-2 gutters-row-v-2 style-483 style-local-230-c11 position-relative\">\n        <!---->\n        <div class=\"h-row justify-content-lg-center justify-content-md-center justify-content-center align-items-lg-stretch align-items-md-stretch align-items-stretch gutters-col-lg-2 gutters-col-md-2 gutters-col-0 gutters-col-v-lg-2 gutters-col-v-md-2 gutters-col-v-2\">\n          <!---->\n          <div class=\"h-column h-column-container d-flex h-col-lg-auto h-col-md-auto h-col-auto style-484-outer style-local-230-c12-outer\">\n            <div data-colibri-id=\"230-c12\" class=\"d-flex h-flex-basis h-column__inner h-px-lg-2 h-px-md-2 h-px-2 v-inner-lg-2 v-inner-md-2 v-inner-2 style-484 style-local-230-c12 position-relative\">\n              <!---->\n              <!---->\n              <div class=\"w-100 h-y-container h-column__content h-column__v-align flex-basis-100 align-self-lg-start align-self-md-start align-self-start\">\n                <!---->\n                <div data-colibri-id=\"230-c13\" class=\"h-global-transition-all h-heading style-487 style-local-230-c13 position-relative h-element\">\n                  <!---->\n                  <div class=\"h-heading__outer style-487 style-local-230-c13\">\n                    <!---->\n                    <!---->\n                    <h5 class=\"\">Nosotros<\/h5>\n                  <\/div>\n                <\/div>\n                <div data-colibri-id=\"230-c14\" class=\"h-global-transition-all h-heading style-485 style-local-230-c14 position-relative h-element\">\n                  <!---->\n                  <div class=\"h-heading__outer style-485 style-local-230-c14\">\n                    <!---->\n                    <!---->\n                    <h2 class=\"\">Nuestro compromiso<\/h2>\n                  <\/div>\n                <\/div>\n                <div data-colibri-id=\"230-c15\" class=\"h-text h-text-component style-486 style-local-230-c15 position-relative h-element\">\n                  <!---->\n                  <!---->\n                  <div class=\"\">\n                    <p>En Mi Barber\u00eda nos hacemos responsables del cuidado integral masculino a trav\u00e9s de un servicio de excelencia y arraigado en las antiguas tradiciones, en un ambiente \u00fanico e inspirado en las cl\u00e1sicas barber\u00edas de anta\u00f1o, con una atenci\u00f3n\n                      de primer nivel m\u00e1s un amplio cat\u00e1logo de productos con stock permanente. Experimenta, descubre y vive junto a nosotros el arte de la barber\u00eda cl\u00e1sica. \u00a1Te esperamos!<\/p>\n                  <\/div>\n                <\/div>\n              <\/div>\n            <\/div>\n          <\/div>\n        <\/div>\n      <\/div>\n      <div data-colibri-id=\"230-c3\" class=\"h-row-container gutters-row-lg-1 gutters-row-md-1 gutters-row-2 gutters-row-v-lg-1 gutters-row-v-md-1 gutters-row-v-1 style-473 style-local-230-c3 position-relative\">\n        <!---->\n        <div class=\"h-row justify-content-lg-center justify-content-md-center justify-content-center align-items-lg-stretch align-items-md-stretch align-items-stretch gutters-col-lg-1 gutters-col-md-1 gutters-col-2 gutters-col-v-lg-1 gutters-col-v-md-1 gutters-col-v-1\">\n          <!---->\n          <div class=\"h-column h-column-container d-flex h-col-lg-auto h-col-md-auto h-col-auto style-481-outer style-local-230-c10-outer\">\n            <div data-colibri-id=\"230-c10\" class=\"d-flex h-flex-basis h-column__inner h-ui-empty-state-container h-px-lg-0 h-px-md-0 h-px-0 v-inner-lg-0 v-inner-md-0 v-inner-0 style-481 style-local-230-c10 position-relative\">\n              <!---->\n              <!---->\n              <div class=\"w-100 h-y-container h-column__content h-column__v-align flex-basis-100\">\n                <!---->\n              <\/div>\n            <\/div>\n          <\/div>\n        <\/div>\n      <\/div>\n    <\/div>\n  <\/div>\n<\/div>","protected":false},"excerpt":{"rendered":"<p>Nosotros Nuestro compromiso En Mi Barber\u00eda nos hacemos responsables del cuidado integral masculino a trav\u00e9s de un servicio de excelencia y arraigado en las antiguas tradiciones, en un ambiente \u00fanico e inspirado en las cl\u00e1sicas barber\u00edas de anta\u00f1o, con una atenci\u00f3n de primer nivel m\u00e1s un amplio cat\u00e1logo de productos con stock permanente. Experimenta, descubre [&hellip;]<\/p>\n","protected":false},"author":1,"featured_media":0,"parent":0,"menu_order":0,"comment_status":"closed","ping_status":"closed","template":"page-templates\/full-width-page.php","meta":{"footnotes":""},"_links":{"self":[{"href":"https:\/\/virtualtec.cl\/temas\/barberia\/wp-json\/wp\/v2\/pages\/230"}],"collection":[{"href":"https:\/\/virtualtec.cl\/temas\/barberia\/wp-json\/wp\/v2\/pages"}],"about":[{"href":"https:\/\/virtualtec.cl\/temas\/barberia\/wp-json\/wp\/v2\/types\/page"}],"author":[{"embeddable":true,"href":"https:\/\/virtualtec.cl\/temas\/barberia\/wp-json\/wp\/v2\/users\/1"}],"replies":[{"embeddable":true,"href":"https:\/\/virtualtec.cl\/temas\/barberia\/wp-json\/wp\/v2\/comments?post=230"}],"version-history":[{"count":9,"href":"https:\/\/virtualtec.cl\/temas\/barberia\/wp-json\/wp\/v2\/pages\/230\/revisions"}],"predecessor-version":[{"id":1812,"href":"https:\/\/virtualtec.cl\/temas\/barberia\/wp-json\/wp\/v2\/pages\/230\/revisions\/1812"}],"wp:attachment":[{"href":"https:\/\/virtualtec.cl\/temas\/barberia\/wp-json\/wp\/v2\/media?parent=230"}],"curies":[{"name":"wp","href":"https:\/\/api.w.org\/{rel}","templated":true}]}}

<div data-colibri-id="230-c1" class="style-471 style-local-230-c1 position-relative">
  <!---->
  <div data-colibri-component="section" data-colibri-id="230-c2" id="features" class="h-section h-section-global-spacing d-flex align-items-lg-center align-items-md-center align-items-center style-472 style-local-230-c2 position-relative">
    <!---->
    <!---->
    <div class="h-section-grid-container h-section-boxed-container">
      <div data-colibri-id="230-c11" class="h-row-container gutters-row-lg-2 gutters-row-md-2 gutters-row-0 gutters-row-v-lg-2 gutters-row-v-md-2 gutters-row-v-2 style-483 style-local-230-c11 position-relative">
        <!---->
        <div class="h-row justify-content-lg-center justify-content-md-center justify-content-center align-items-lg-stretch align-items-md-stretch align-items-stretch gutters-col-lg-2 gutters-col-md-2 gutters-col-0 gutters-col-v-lg-2 gutters-col-v-md-2 gutters-col-v-2">
          <!---->
          <div class="h-column h-column-container d-flex h-col-lg-auto h-col-md-auto h-col-auto style-484-outer style-local-230-c12-outer">
            <div data-colibri-id="230-c12" class="d-flex h-flex-basis h-column__inner h-px-lg-2 h-px-md-2 h-px-2 v-inner-lg-2 v-inner-md-2 v-inner-2 style-484 style-local-230-c12 position-relative">
              <!---->
              <!---->
              <div class="w-100 h-y-container h-column__content h-column__v-align flex-basis-100 align-self-lg-start align-self-md-start align-self-start">
                <!---->
                <div data-colibri-id="230-c13" class="h-global-transition-all h-heading style-487 style-local-230-c13 position-relative h-element">
                  <!---->
                  <div class="h-heading__outer style-487 style-local-230-c13">
                    <!---->
                    <!---->
                    <h5 class="">Nosotros</h5>
                  </div>
                </div>
                <div data-colibri-id="230-c14" class="h-global-transition-all h-heading style-485 style-local-230-c14 position-relative h-element">
                  <!---->
                  <div class="h-heading__outer style-485 style-local-230-c14">
                    <!---->
                    <!---->
                    <h2 class="">Nuestro compromiso</h2>
                  </div>
                </div>
                <div data-colibri-id="230-c15" class="h-text h-text-component style-486 style-local-230-c15 position-relative h-element">
                  <!---->
                  <!---->
                  <div class="">
                    <p>En Mi Barbería nos hacemos responsables del cuidado integral masculino a través de un servicio de excelencia y arraigado en las antiguas tradiciones, en un ambiente único e inspirado en las clásicas barberías de antaño, con una atención
                      de primer nivel más un amplio catálogo de productos con stock permanente. Experimenta, descubre y vive junto a nosotros el arte de la barbería clásica. ¡Te esperamos!</p>
                  </div>
                </div>
              </div>
            </div>
          </div>
        </div>
      </div>
      <div data-colibri-id="230-c3" class="h-row-container gutters-row-lg-1 gutters-row-md-1 gutters-row-2 gutters-row-v-lg-1 gutters-row-v-md-1 gutters-row-v-1 style-473 style-local-230-c3 position-relative">
        <!---->
        <div class="h-row justify-content-lg-center justify-content-md-center justify-content-center align-items-lg-stretch align-items-md-stretch align-items-stretch gutters-col-lg-1 gutters-col-md-1 gutters-col-2 gutters-col-v-lg-1 gutters-col-v-md-1 gutters-col-v-1">
          <!---->
          <div class="h-column h-column-container d-flex h-col-lg-auto h-col-md-auto h-col-auto style-481-outer style-local-230-c10-outer">
            <div data-colibri-id="230-c10" class="d-flex h-flex-basis h-column__inner h-ui-empty-state-container h-px-lg-0 h-px-md-0 h-px-0 v-inner-lg-0 v-inner-md-0 v-inner-0 style-481 style-local-230-c10 position-relative">
              <!---->
              <!---->
              <div class="w-100 h-y-container h-column__content h-column__v-align flex-basis-100">
                <!---->
              </div>
            </div>
          </div>
        </div>
      </div>
    </div>
  </div>
</div>

<p>Nosotros Nuestro compromiso En Mi Barbería nos hacemos responsables del cuidado integral masculino a través de un servicio de excelencia y arraigado en las antiguas tradiciones, en un ambiente único e inspirado en las clásicas barberías de antaño, con una atención de primer nivel más un amplio catálogo de productos con stock permanente. Experimenta, descubre [&hellip;]</p>
