{"id":89,"date":"2023-05-20T10:00:56","date_gmt":"2023-05-20T14:00:56","guid":{"rendered":"https:\/\/virtualtec.cl\/temas\/?post_type=product&#038;p=89"},"modified":"2023-06-03T15:59:58","modified_gmt":"2023-06-03T19:59:58","slug":"pagina-web-para-tatuadores","status":"publish","type":"product","link":"https:\/\/virtualtec.cl\/temas\/producto\/pagina-web-para-tatuadores\/","title":{"rendered":"P\u00e1gina Web para Tatuadores"},"content":{"rendered":"<p><img decoding=\"async\" loading=\"lazy\" class=\"aligncenter size-full wp-image-240\" src=\"https:\/\/virtualtec.cl\/temas\/wp-content\/uploads\/2023\/05\/tatuaje-web-scaled.jpg\" alt=\"\" width=\"1273\" height=\"2560\" srcset=\"https:\/\/virtualtec.cl\/temas\/wp-content\/uploads\/2023\/05\/tatuaje-web-scaled.jpg 1273w, https:\/\/virtualtec.cl\/temas\/wp-content\/uploads\/2023\/05\/tatuaje-web-149x300.jpg 149w, https:\/\/virtualtec.cl\/temas\/wp-content\/uploads\/2023\/05\/tatuaje-web-509x1024.jpg 509w, https:\/\/virtualtec.cl\/temas\/wp-content\/uploads\/2023\/05\/tatuaje-web-768x1545.jpg 768w, https:\/\/virtualtec.cl\/temas\/wp-content\/uploads\/2023\/05\/tatuaje-web-764x1536.jpg 764w, https:\/\/virtualtec.cl\/temas\/wp-content\/uploads\/2023\/05\/tatuaje-web-1018x2048.jpg 1018w, https:\/\/virtualtec.cl\/temas\/wp-content\/uploads\/2023\/05\/tatuaje-web-600x1207.jpg 600w\" sizes=\"(max-width: 1273px) 100vw, 1273px\" \/><\/p>\n","protected":false},"excerpt":{"rendered":"<div class=\"ver-en-vivo\"><a href=\"https:\/\/virtualtec.cl\/temas\/tatuaje\/\" target=\"_blank\" rel=\"noopener\">Puedes ver en Vivo nuestra web para Tatuadores<\/a><\/div>\n<p>Ampl\u00eda tu presencia como tatuador con un sitio web profesional y cautivador. Muestra tu talento art\u00edstico, promociona tu estudio de tatuajes y atrae a nuevos clientes con un sitio web \u00fanico. Nuestros servicios de desarrollo web personalizados para tatuadores te permitir\u00e1n destacar tus dise\u00f1os, compartir informaci\u00f3n sobre tus t\u00e9cnicas y mantener una galer\u00eda actualizada de tu trabajo.<\/p>\n<h2>Algunas caracter\u00edsticas<\/h2>\n<ul>\n<li>Dise\u00f1o Profesional y Atractivo<\/li>\n<li><strong>Hosting<\/strong>: 4GB, 5 cuentas de correos <strong>GRATIS por un a\u00f1o<\/strong><\/li>\n<li>Dominio .CL <strong>GRATIS por un a\u00f1o<\/strong><\/li>\n<li>Bot\u00f3n WhatsApp y RRSS<\/li>\n<li><strong>P\u00e1gina individual para cada tatuador<\/strong> con portafolio de trabajos<\/li>\n<li>Certificado SSL<\/li>\n<\/ul>\n<p><strong>Si te gusta este dise\u00f1o<\/strong> pero no eres tatuador <strong>\u00a1NO TE PREOCUPES!<\/strong> podemos adaptarla a tus necesidades laborales (empresas, oficios, profesionales de otras \u00e1reas, etc.). Solo debes elegir los colores, fotos, logo, contenidos \u00a1Y LISTO!, en tres d\u00edas podr\u00edas tener tu sitio web puesto en Internet.<\/p>\n","protected":false},"featured_media":90,"template":"","meta":[],"product_cat":[22],"product_tag":[],"_links":{"self":[{"href":"https:\/\/virtualtec.cl\/temas\/wp-json\/wp\/v2\/product\/89"}],"collection":[{"href":"https:\/\/virtualtec.cl\/temas\/wp-json\/wp\/v2\/product"}],"about":[{"href":"https:\/\/virtualtec.cl\/temas\/wp-json\/wp\/v2\/types\/product"}],"wp:featuredmedia":[{"embeddable":true,"href":"https:\/\/virtualtec.cl\/temas\/wp-json\/wp\/v2\/media\/90"}],"wp:attachment":[{"href":"https:\/\/virtualtec.cl\/temas\/wp-json\/wp\/v2\/media?parent=89"}],"wp:term":[{"taxonomy":"product_cat","embeddable":true,"href":"https:\/\/virtualtec.cl\/temas\/wp-json\/wp\/v2\/product_cat?post=89"},{"taxonomy":"product_tag","embeddable":true,"href":"https:\/\/virtualtec.cl\/temas\/wp-json\/wp\/v2\/product_tag?post=89"}],"curies":[{"name":"wp","href":"https:\/\/api.w.org\/{rel}","templated":true}]}}